{"id":263,"date":"2024-06-20T17:26:25","date_gmt":"2024-06-20T17:26:25","guid":{"rendered":"https:\/\/candasmimarlik.com\/group\/tarim\/bizimkoy\/?page_id=263"},"modified":"2024-06-20T18:23:53","modified_gmt":"2024-06-20T18:23:53","slug":"misyon-ve-vizyon","status":"publish","type":"page","link":"https:\/\/candasmimarlik.com\/group\/tarim\/bizimkoy\/?page_id=263","title":{"rendered":"Misyon ve Vizyon"},"content":{"rendered":"<p><\/p><p><strong>Vizyon:<\/strong> T\u00fcrkiye&#8217;nin \u00e7e\u015fitli b\u00f6lgelerinde yenilenebilir enerji sistemleri, tar\u0131m, turizm, hayvanc\u0131l\u0131k ve yerle\u015fimi entegre ederek s\u00fcrd\u00fcr\u00fclebilir bir gelecek in\u015fa etmek.<\/p><p><strong>Misyon:<\/strong> Do\u011fal kaynaklar\u0131 verimli kullanarak ekonomik, \u00e7evresel ve sosyal a\u00e7\u0131dan s\u00fcrd\u00fcr\u00fclebilir topluluklar olu\u015fturmak.<\/p>","protected":false},"excerpt":{"rendered":"<p>Vizyon: T\u00fcrkiye&#8217;nin \u00e7e\u015fitli b\u00f6lgelerinde yenilenebilir enerji sistemleri, tar\u0131m, turizm, hayvanc\u0131l\u0131k ve yerle\u015fimi entegre ederek s\u00fcrd\u00fcr\u00fclebilir bir gelecek in\u015fa etmek. Misyon: Do\u011fal kaynaklar\u0131 verimli kullanarak ekonomik, \u00e7evresel ve sosyal a\u00e7\u0131dan s\u00fcrd\u00fcr\u00fclebilir topluluklar olu\u015fturmak.<\/p>\n","protected":false},"author":1,"featured_media":0,"parent":0,"menu_order":0,"comment_status":"closed","ping_status":"closed","template":"","meta":{"footnotes":""},"jetpack_sharing_enabled":true,"_links":{"self":[{"href":"https:\/\/candasmimarlik.com\/group\/tarim\/bizimkoy\/index.php?rest_route=\/wp\/v2\/pages\/263"}],"collection":[{"href":"https:\/\/candasmimarlik.com\/group\/tarim\/bizimkoy\/index.php?rest_route=\/wp\/v2\/pages"}],"about":[{"href":"https:\/\/candasmimarlik.com\/group\/tarim\/bizimkoy\/index.php?rest_route=\/wp\/v2\/types\/page"}],"author":[{"embeddable":true,"href":"https:\/\/candasmimarlik.com\/group\/tarim\/bizimkoy\/index.php?rest_route=\/wp\/v2\/users\/1"}],"replies":[{"embeddable":true,"href":"https:\/\/candasmimarlik.com\/group\/tarim\/bizimkoy\/index.php?rest_route=%2Fwp%2Fv2%2Fcomments&post=263"}],"version-history":[{"count":2,"href":"https:\/\/candasmimarlik.com\/group\/tarim\/bizimkoy\/index.php?rest_route=\/wp\/v2\/pages\/263\/revisions"}],"predecessor-version":[{"id":294,"href":"https:\/\/candasmimarlik.com\/group\/tarim\/bizimkoy\/index.php?rest_route=\/wp\/v2\/pages\/263\/revisions\/294"}],"wp:attachment":[{"href":"https:\/\/candasmimarlik.com\/group\/tarim\/bizimkoy\/index.php?rest_route=%2Fwp%2Fv2%2Fmedia&parent=263"}],"curies":[{"name":"wp","href":"https:\/\/api.w.org\/{rel}","templated":true}]}}