{"id":75,"date":"2024-07-08T19:02:23","date_gmt":"2024-07-08T19:02:23","guid":{"rendered":"https:\/\/candasmimarlik.com\/group\/tarim\/kooperatif\/?page_id=75"},"modified":"2024-07-08T19:48:37","modified_gmt":"2024-07-08T19:48:37","slug":"oncelikli-bolgeler","status":"publish","type":"page","link":"https:\/\/candasmimarlik.com\/group\/tarim\/kooperatif\/index.php\/oncelikli-bolgeler\/","title":{"rendered":"\u00d6ncelikli B\u00f6lgeler"},"content":{"rendered":"\n<p>Dijital tar\u0131m kooperatiflerinin ba\u015far\u0131l\u0131 bir \u015fekilde kurulmas\u0131 ve faaliyet g\u00f6stermesi i\u00e7in T\u00fcrkiye \u00f6l\u00e7e\u011finde \u00f6ncelikli b\u00f6lgeleri belirlemek, hem tar\u0131msal potansiyeli y\u00fcksek hem de \u00fcreticilerin desteklenmeye ihtiya\u00e7 duydu\u011fu alanlar\u0131 se\u00e7mek anlam\u0131na gelir. T\u00fcrkiye&#8217;nin tar\u0131msal \u00fcretim kapasitesini g\u00f6z \u00f6n\u00fcnde bulundurarak, a\u015fa\u011f\u0131daki b\u00f6lgeler \u00f6ncelikli olarak de\u011ferlendirilebilir:<\/p>\n\n\n\n<h3 class=\"wp-block-heading\">1. Ege B\u00f6lgesi<\/h3>\n\n\n\n<ul class=\"wp-block-list\">\n<li><strong>\u0130zmir, Manisa, Ayd\u0131n, Mu\u011fla, Denizli<\/strong><\/li>\n\n\n\n<li>\u00d6zellikle zeytin, \u00fcz\u00fcm, incir, pamuk ve turun\u00e7giller \u00fcretiminde \u00f6nemli bir b\u00f6lge.<\/li>\n\n\n\n<li>Tar\u0131m ve g\u0131da sanayinin geli\u015fmi\u015f olmas\u0131.<\/li>\n<\/ul>\n\n\n\n<h3 class=\"wp-block-heading\">2. Marmara B\u00f6lgesi<\/h3>\n\n\n\n<ul class=\"wp-block-list\">\n<li><strong>Bursa, Bal\u0131kesir, \u00c7anakkale, Edirne<\/strong><\/li>\n\n\n\n<li>Sebze ve meyve \u00fcretimi, zeytin, s\u00fct ve s\u00fct \u00fcr\u00fcnleri, ay\u00e7i\u00e7e\u011fi tar\u0131m\u0131yla \u00f6ne \u00e7\u0131kar.<\/li>\n\n\n\n<li>\u0130stanbul pazar\u0131na yak\u0131nl\u0131k, tar\u0131msal \u00fcr\u00fcnlerin pazarlamas\u0131nda avantaj sa\u011flar.<\/li>\n<\/ul>\n\n\n\n<h3 class=\"wp-block-heading\">3. Akdeniz B\u00f6lgesi<\/h3>\n\n\n\n<ul class=\"wp-block-list\">\n<li><strong>Antalya, Mersin, Adana, Hatay, Isparta<\/strong><\/li>\n\n\n\n<li>Serac\u0131l\u0131k, turun\u00e7gil \u00fcretimi, muz, pamuk ve meyve-sebze \u00fcretimi ile \u00f6nemli bir tar\u0131m b\u00f6lgesi.<\/li>\n\n\n\n<li>Tar\u0131m turizmi ve lojistik avantajlar\u0131.<\/li>\n<\/ul>\n\n\n\n<h3 class=\"wp-block-heading\">4. \u0130\u00e7 Anadolu B\u00f6lgesi<\/h3>\n\n\n\n<ul class=\"wp-block-list\">\n<li><strong>Konya, Eski\u015fehir, Ankara, Kayseri<\/strong><\/li>\n\n\n\n<li>Tah\u0131l, bu\u011fday, arpa, m\u0131s\u0131r ve bakliyat \u00fcretimi ile \u00f6nemli bir hububat b\u00f6lgesi.<\/li>\n\n\n\n<li>B\u00fcy\u00fckba\u015f ve k\u00fc\u00e7\u00fckba\u015f hayvanc\u0131l\u0131kta da \u00f6nemli bir merkezdir.<\/li>\n<\/ul>\n\n\n\n<h3 class=\"wp-block-heading\">5. Karadeniz B\u00f6lgesi<\/h3>\n\n\n\n<ul class=\"wp-block-list\">\n<li><strong>Samsun, Ordu, Trabzon, Rize, Zonguldak<\/strong><\/li>\n\n\n\n<li>F\u0131nd\u0131k, \u00e7ay, m\u0131s\u0131r ve kivi \u00fcretimi ile \u00f6ne \u00e7\u0131kar.<\/li>\n\n\n\n<li>Karadeniz iklimi sayesinde geni\u015f bir \u00fcr\u00fcn yelpazesine sahip.<\/li>\n<\/ul>\n\n\n\n<h3 class=\"wp-block-heading\">6. G\u00fcneydo\u011fu Anadolu B\u00f6lgesi<\/h3>\n\n\n\n<ul class=\"wp-block-list\">\n<li><strong>Diyarbak\u0131r, \u015eanl\u0131urfa, Gaziantep, Mardin<\/strong><\/li>\n\n\n\n<li>Pamuk, bu\u011fday, arpa, mercimek ve Antep f\u0131st\u0131\u011f\u0131 \u00fcretimi ile \u00f6nemli bir tar\u0131m b\u00f6lgesi.<\/li>\n\n\n\n<li>GAP projesi ile sulama imkanlar\u0131n\u0131n artmas\u0131, tar\u0131msal verimlili\u011fi art\u0131rmaktad\u0131r.<\/li>\n<\/ul>\n\n\n\n<h3 class=\"wp-block-heading\">7. Do\u011fu Anadolu B\u00f6lgesi<\/h3>\n\n\n\n<ul class=\"wp-block-list\">\n<li><strong>Erzurum, Malatya, Elaz\u0131\u011f, Van<\/strong><\/li>\n\n\n\n<li>Hayvanc\u0131l\u0131k, bu\u011fday, arpa ve meyve \u00fcretimi (kay\u0131s\u0131, dut) ile \u00f6ne \u00e7\u0131kar.<\/li>\n\n\n\n<li>Tar\u0131msal faaliyetlerin geli\u015ftirilmesi i\u00e7in destek ve yat\u0131r\u0131m ihtiyac\u0131 bulunmaktad\u0131r.<\/li>\n<\/ul>\n\n\n\n<p>Bu b\u00f6lgeler, dijital tar\u0131m kooperatiflerinin kurulmas\u0131 ve geli\u015fmesi i\u00e7in uygun altyap\u0131ya ve y\u00fcksek tar\u0131msal potansiyele sahiptir. Ayr\u0131ca, bu b\u00f6lgelerde tar\u0131msal verimlili\u011fi art\u0131rmak ve \u00fcreticilerin gelir seviyelerini y\u00fckseltmek i\u00e7in kooperatifler arac\u0131l\u0131\u011f\u0131yla yap\u0131lan i\u015fbirlikleri ve projeler b\u00fcy\u00fck fayda sa\u011flayacakt\u0131r. Bu \u00f6ncelikli b\u00f6lgeler \u00fczerinden dijital tar\u0131m kooperatifleri a\u011f\u0131 kurulmas\u0131, hem yerel ekonomileri canland\u0131racak hem de T\u00fcrkiye&#8217;nin tar\u0131msal \u00fcretim kapasitesini art\u0131racakt\u0131r.<\/p>\n","protected":false},"excerpt":{"rendered":"<p>Dijital tar\u0131m kooperatiflerinin ba\u015far\u0131l\u0131 bir \u015fekilde kurulmas\u0131 ve faaliyet g\u00f6stermesi i\u00e7in T\u00fcrkiye \u00f6l\u00e7e\u011finde \u00f6ncelikli b\u00f6lgeleri belirlemek, hem tar\u0131msal potansiyeli y\u00fcksek hem de \u00fcreticilerin desteklenmeye ihtiya\u00e7 duydu\u011fu alanlar\u0131 se\u00e7mek anlam\u0131na gelir. T\u00fcrkiye&#8217;nin tar\u0131msal \u00fcretim kapasitesini g\u00f6z \u00f6n\u00fcnde bulundurarak, a\u015fa\u011f\u0131daki b\u00f6lgeler \u00f6ncelikli olarak de\u011ferlendirilebilir: 1. Ege B\u00f6lgesi 2. Marmara B\u00f6lgesi 3. Akdeniz B\u00f6lgesi 4. \u0130\u00e7 Anadolu B\u00f6lgesi [&hellip;]<\/p>\n","protected":false},"author":1,"featured_media":0,"parent":0,"menu_order":0,"comment_status":"closed","ping_status":"closed","template":"","meta":{"footnotes":""},"class_list":["post-75","page","type-page","status-publish","hentry"],"wpcf_dashboard":"<div class=\"woocommerce\"><div class=\"woocommerce-info\">Please log in first? <a class=\"wpneoShowLogin\" href=\"#\">Click here to login<\/a><\/div><div class=\"wpneo_login_form_div\" style=\"display: none;\"><form name=\"loginform\" id=\"loginform\" action=\"https:\/\/candasmimarlik.com\/group\/tarim\/kooperatif\/wp-login.php\" method=\"post\"><p class=\"login-username\">\n\t\t\t\t<label for=\"user_login\">Kullan\u0131c\u0131 ad\u0131 ya da e-posta adresi<\/label>\n\t\t\t\t<input type=\"text\" name=\"log\" id=\"user_login\" autocomplete=\"username\" class=\"input\" value=\"\" size=\"20\" \/>\n\t\t\t<\/p><p class=\"login-password\">\n\t\t\t\t<label for=\"user_pass\">Parola<\/label>\n\t\t\t\t<input type=\"password\" name=\"pwd\" id=\"user_pass\" autocomplete=\"current-password\" spellcheck=\"false\" class=\"input\" value=\"\" size=\"20\" \/>\n\t\t\t<\/p><p class=\"login-remember\"><label><input name=\"rememberme\" type=\"checkbox\" id=\"rememberme\" value=\"forever\" \/> Beni hat\u0131rla<\/label><\/p><p class=\"login-submit\">\n\t\t\t\t<input type=\"submit\" name=\"wp-submit\" id=\"wp-submit\" class=\"button button-primary\" value=\"Oturum a\u00e7\" \/>\n\t\t\t\t<input type=\"hidden\" name=\"redirect_to\" value=\"https:\/\/candasmimarlik.com\/group\/tarim\/kooperatif\/index.php\/wp-json\/wp\/v2\/pages\/75\" \/>\n\t\t\t<\/p><\/form><\/div><\/div>","jetpack_sharing_enabled":true,"_links":{"self":[{"href":"https:\/\/candasmimarlik.com\/group\/tarim\/kooperatif\/index.php\/wp-json\/wp\/v2\/pages\/75","targetHints":{"allow":["GET"]}}],"collection":[{"href":"https:\/\/candasmimarlik.com\/group\/tarim\/kooperatif\/index.php\/wp-json\/wp\/v2\/pages"}],"about":[{"href":"https:\/\/candasmimarlik.com\/group\/tarim\/kooperatif\/index.php\/wp-json\/wp\/v2\/types\/page"}],"author":[{"embeddable":true,"href":"https:\/\/candasmimarlik.com\/group\/tarim\/kooperatif\/index.php\/wp-json\/wp\/v2\/users\/1"}],"replies":[{"embeddable":true,"href":"https:\/\/candasmimarlik.com\/group\/tarim\/kooperatif\/index.php\/wp-json\/wp\/v2\/comments?post=75"}],"version-history":[{"count":2,"href":"https:\/\/candasmimarlik.com\/group\/tarim\/kooperatif\/index.php\/wp-json\/wp\/v2\/pages\/75\/revisions"}],"predecessor-version":[{"id":80,"href":"https:\/\/candasmimarlik.com\/group\/tarim\/kooperatif\/index.php\/wp-json\/wp\/v2\/pages\/75\/revisions\/80"}],"wp:attachment":[{"href":"https:\/\/candasmimarlik.com\/group\/tarim\/kooperatif\/index.php\/wp-json\/wp\/v2\/media?parent=75"}],"curies":[{"name":"wp","href":"https:\/\/api.w.org\/{rel}","templated":true}]}}