{"id":4578,"date":"2024-10-31T19:40:59","date_gmt":"2024-10-31T19:40:59","guid":{"rendered":"https:\/\/candasmimarlik.com\/candasonline.1\/?post_type=product&#038;p=4578"},"modified":"2024-11-09T13:44:01","modified_gmt":"2024-11-09T13:44:01","slug":"sunfun-marissa-sezlong-kirmizi-3","status":"publish","type":"product","link":"https:\/\/candasmimarlik.com\/yapimarket\/product\/sunfun-marissa-sezlong-kirmizi-3\/","title":{"rendered":"Sunfun Marissa \u015eezlong K\u0131rm\u0131z\u0131"},"content":{"rendered":"<ul>\n<li>Birbirinden \u015f\u0131k, farkl\u0131 renkleriyle bah\u00e7enizi havuzlar\u0131n\u0131z\u0131 canland\u0131racak Sunfun Marissa \u015eezlong!<\/li>\n<li>\u0130sterseniz bah\u00e7enizde veya havuz kenar\u0131nda kullan\u0131n, isterseniz TV koltu\u011fu veya balkon sandalyesi<\/li>\n<li>Toz boya kapl\u0131 \u00e7elik \u00e7er\u00e7evesi ve tekstil d\u00f6\u015femesiyle hava ko\u015fullar\u0131na dayan\u0131kl\u0131, her zaman \u015f\u0131k ve sa\u011flam<\/li>\n<li>Katlanabilir \u00f6zelli\u011fiyle rahat ta\u015f\u0131n\u0131r, depoland\u0131\u011f\u0131nda az yer kaplar<\/li>\n<li>Kimyasal i\u00e7erikli olmayan, yumu\u015fak bir deterjanla kolay temizlenir.<\/li>\n<li>Renk: K\u0131rm\u0131z\u0131<\/li>\n<li>\u00d6l\u00e7\u00fc: 136 x 61 x 102 cm<\/li>\n<li>\u00dcr\u00fcn demonte olarak teslim edilmektedir. Aksesuarlar fiyata dahil de\u011fildir.<\/li>\n<\/ul>\n","protected":false},"excerpt":{"rendered":"<ul>\n<li>Birbirinden \u015f\u0131k, farkl\u0131 renkleriyle bah\u00e7enizi havuzlar\u0131n\u0131z\u0131 canland\u0131racak Sunfun Marissa \u015eezlong!<\/li>\n<li>\u0130sterseniz bah\u00e7enizde veya havuz kenar\u0131nda kullan\u0131n, isterseniz TV koltu\u011fu veya balkon sandalyesi<\/li>\n<li>Toz boya kapl\u0131 \u00e7elik \u00e7er\u00e7evesi ve tekstil d\u00f6\u015femesiyle hava ko\u015fullar\u0131na dayan\u0131kl\u0131, her zaman \u015f\u0131k ve sa\u011flam<\/li>\n<li>Katlanabilir \u00f6zelli\u011fiyle rahat ta\u015f\u0131n\u0131r, depoland\u0131\u011f\u0131nda az yer kaplar<\/li>\n<li>Kimyasal i\u00e7erikli olmayan, yumu\u015fak bir deterjanla kolay temizlenir.<\/li>\n<li>Renk: K\u0131rm\u0131z\u0131<\/li>\n<li>\u00d6l\u00e7\u00fc: 136 x 61 x 102 cm<\/li>\n<li>\u00dcr\u00fcn demonte olarak teslim edilmektedir. Aksesuarlar fiyata dahil de\u011fildir.<\/li>\n<\/ul>\n","protected":false},"featured_media":3467,"comment_status":"open","ping_status":"closed","template":"","meta":{"_joinchat":[]},"product_brand":[],"product_cat":[326],"product_tag":[],"class_list":{"0":"post-4578","1":"product","2":"type-product","3":"status-publish","4":"has-post-thumbnail","6":"product_cat-sezlonglar","8":"first","9":"instock","10":"taxable","11":"shipping-taxable","12":"product-type-simple"},"yoast_head":"<!-- This site is optimized with the Yoast SEO plugin v26.5 - https:\/\/yoast.com\/wordpress\/plugins\/seo\/ -->\n<title>Sunfun Marissa \u015eezlong K\u0131rm\u0131z\u0131 - Canda\u015f Yap\u0131 Market<\/title>\n<meta name=\"robots\" content=\"index, follow, max-snippet:-1, max-image-preview:large, max-video-preview:-1\" \/>\n<link rel=\"canonical\" href=\"https:\/\/candasmimarlik.com\/yapimarket\/product\/sunfun-marissa-sezlong-kirmizi-3\/\" \/>\n<meta property=\"og:locale\" content=\"tr_TR\" \/>\n<meta property=\"og:type\" content=\"article\" \/>\n<meta property=\"og:title\" content=\"Sunfun Marissa \u015eezlong K\u0131rm\u0131z\u0131 - Canda\u015f Yap\u0131 Market\" \/>\n<meta property=\"og:description\" content=\"Birbirinden \u015f\u0131k, farkl\u0131 renkleriyle bah\u00e7enizi havuzlar\u0131n\u0131z\u0131 canland\u0131racak Sunfun Marissa \u015eezlong!  \u0130sterseniz bah\u00e7enizde veya havuz kenar\u0131nda kullan\u0131n, isterseniz TV koltu\u011fu veya balkon sandalyesi  Toz boya kapl\u0131 \u00e7elik \u00e7er\u00e7evesi ve tekstil d\u00f6\u015femesiyle hava ko\u015fullar\u0131na dayan\u0131kl\u0131, her zaman \u015f\u0131k ve sa\u011flam  Katlanabilir \u00f6zelli\u011fiyle rahat ta\u015f\u0131n\u0131r, depoland\u0131\u011f\u0131nda az yer kaplar  Kimyasal i\u00e7erikli olmayan, yumu\u015fak bir deterjanla kolay temizlenir.  Renk: K\u0131rm\u0131z\u0131  \u00d6l\u00e7\u00fc: 136 x 61 x 102 cm  \u00dcr\u00fcn demonte olarak teslim edilmektedir. Aksesuarlar fiyata dahil de\u011fildir.\" \/>\n<meta property=\"og:url\" content=\"https:\/\/candasmimarlik.com\/yapimarket\/product\/sunfun-marissa-sezlong-kirmizi-3\/\" \/>\n<meta property=\"og:site_name\" content=\"Canda\u015f Yap\u0131 Market\" \/>\n<meta property=\"article:publisher\" content=\"https:\/\/www.facebook.com\/candasonlineyapi\" \/>\n<meta property=\"article:modified_time\" content=\"2024-11-09T13:44:01+00:00\" \/>\n<meta property=\"og:image\" content=\"https:\/\/i0.wp.com\/candasmimarlik.com\/yapimarket\/wp-content\/uploads\/2023\/09\/202106210920_23598663.jpg?fit=290%2C290&ssl=1\" \/>\n\t<meta property=\"og:image:width\" content=\"290\" \/>\n\t<meta property=\"og:image:height\" content=\"290\" \/>\n\t<meta property=\"og:image:type\" content=\"image\/jpeg\" \/>\n<meta name=\"twitter:card\" content=\"summary_large_image\" \/>\n<script type=\"application\/ld+json\" class=\"yoast-schema-graph\">{\"@context\":\"https:\/\/schema.org\",\"@graph\":[{\"@type\":\"WebPage\",\"@id\":\"https:\/\/candasmimarlik.com\/yapimarket\/product\/sunfun-marissa-sezlong-kirmizi-3\/\",\"url\":\"https:\/\/candasmimarlik.com\/yapimarket\/product\/sunfun-marissa-sezlong-kirmizi-3\/\",\"name\":\"Sunfun Marissa \u015eezlong K\u0131rm\u0131z\u0131 - Canda\u015f Yap\u0131 Market\",\"isPartOf\":{\"@id\":\"https:\/\/candasmimarlik.com\/yapimarket\/#website\"},\"primaryImageOfPage\":{\"@id\":\"https:\/\/candasmimarlik.com\/yapimarket\/product\/sunfun-marissa-sezlong-kirmizi-3\/#primaryimage\"},\"image\":{\"@id\":\"https:\/\/candasmimarlik.com\/yapimarket\/product\/sunfun-marissa-sezlong-kirmizi-3\/#primaryimage\"},\"thumbnailUrl\":\"https:\/\/i0.wp.com\/candasmimarlik.com\/yapimarket\/wp-content\/uploads\/2023\/09\/202106210920_23598663.jpg?fit=290%2C290&ssl=1\",\"datePublished\":\"2024-10-31T19:40:59+00:00\",\"dateModified\":\"2024-11-09T13:44:01+00:00\",\"breadcrumb\":{\"@id\":\"https:\/\/candasmimarlik.com\/yapimarket\/product\/sunfun-marissa-sezlong-kirmizi-3\/#breadcrumb\"},\"inLanguage\":\"tr\",\"potentialAction\":[{\"@type\":\"ReadAction\",\"target\":[\"https:\/\/candasmimarlik.com\/yapimarket\/product\/sunfun-marissa-sezlong-kirmizi-3\/\"]}]},{\"@type\":\"ImageObject\",\"inLanguage\":\"tr\",\"@id\":\"https:\/\/candasmimarlik.com\/yapimarket\/product\/sunfun-marissa-sezlong-kirmizi-3\/#primaryimage\",\"url\":\"https:\/\/i0.wp.com\/candasmimarlik.com\/yapimarket\/wp-content\/uploads\/2023\/09\/202106210920_23598663.jpg?fit=290%2C290&ssl=1\",\"contentUrl\":\"https:\/\/i0.wp.com\/candasmimarlik.com\/yapimarket\/wp-content\/uploads\/2023\/09\/202106210920_23598663.jpg?fit=290%2C290&ssl=1\",\"width\":290,\"height\":290},{\"@type\":\"BreadcrumbList\",\"@id\":\"https:\/\/candasmimarlik.com\/yapimarket\/product\/sunfun-marissa-sezlong-kirmizi-3\/#breadcrumb\",\"itemListElement\":[{\"@type\":\"ListItem\",\"position\":1,\"name\":\"Anasayfa\",\"item\":\"https:\/\/candasmimarlik.com\/yapimarket\/\"},{\"@type\":\"ListItem\",\"position\":2,\"name\":\"Ma\u011faza\",\"item\":\"https:\/\/candasmimarlik.com\/yapimarket\/magaza-2-2\/\"},{\"@type\":\"ListItem\",\"position\":3,\"name\":\"Sunfun Marissa \u015eezlong K\u0131rm\u0131z\u0131\"}]},{\"@type\":\"WebSite\",\"@id\":\"https:\/\/candasmimarlik.com\/yapimarket\/#website\",\"url\":\"https:\/\/candasmimarlik.com\/yapimarket\/\",\"name\":\"https:\/\/candasmimarlik.com\/candasonline.1\",\"description\":\"Kolay H\u0131zl\u0131 G&uuml;venli 7\/24 A&ccedil;\u0131k \",\"publisher\":{\"@id\":\"https:\/\/candasmimarlik.com\/yapimarket\/#organization\"},\"potentialAction\":[{\"@type\":\"SearchAction\",\"target\":{\"@type\":\"EntryPoint\",\"urlTemplate\":\"https:\/\/candasmimarlik.com\/yapimarket\/?s={search_term_string}\"},\"query-input\":{\"@type\":\"PropertyValueSpecification\",\"valueRequired\":true,\"valueName\":\"search_term_string\"}}],\"inLanguage\":\"tr\"},{\"@type\":\"Organization\",\"@id\":\"https:\/\/candasmimarlik.com\/yapimarket\/#organization\",\"name\":\"Canda\u015f Online\",\"url\":\"https:\/\/candasmimarlik.com\/yapimarket\/\",\"logo\":{\"@type\":\"ImageObject\",\"inLanguage\":\"tr\",\"@id\":\"https:\/\/candasmimarlik.com\/yapimarket\/#\/schema\/logo\/image\/\",\"url\":\"https:\/\/i0.wp.com\/candasmimarlik.com\/yapimarket\/wp-content\/uploads\/2026\/05\/CANDAS-YAPI-MARKET.jpg?fit=2560%2C1280&ssl=1\",\"contentUrl\":\"https:\/\/i0.wp.com\/candasmimarlik.com\/yapimarket\/wp-content\/uploads\/2026\/05\/CANDAS-YAPI-MARKET.jpg?fit=2560%2C1280&ssl=1\",\"width\":2560,\"height\":1280,\"caption\":\"Canda\u015f Online\"},\"image\":{\"@id\":\"https:\/\/candasmimarlik.com\/yapimarket\/#\/schema\/logo\/image\/\"},\"sameAs\":[\"https:\/\/www.facebook.com\/candasonlineyapi\"]}]}<\/script>\n<!-- \/ Yoast SEO plugin. -->","yoast_head_json":{"title":"Sunfun Marissa \u015eezlong K\u0131rm\u0131z\u0131 - Canda\u015f Yap\u0131 Market","robots":{"index":"index","follow":"follow","max-snippet":"max-snippet:-1","max-image-preview":"max-image-preview:large","max-video-preview":"max-video-preview:-1"},"canonical":"https:\/\/candasmimarlik.com\/yapimarket\/product\/sunfun-marissa-sezlong-kirmizi-3\/","og_locale":"tr_TR","og_type":"article","og_title":"Sunfun Marissa \u015eezlong K\u0131rm\u0131z\u0131 - Canda\u015f Yap\u0131 Market","og_description":"Birbirinden \u015f\u0131k, farkl\u0131 renkleriyle bah\u00e7enizi havuzlar\u0131n\u0131z\u0131 canland\u0131racak Sunfun Marissa \u015eezlong!  \u0130sterseniz bah\u00e7enizde veya havuz kenar\u0131nda kullan\u0131n, isterseniz TV koltu\u011fu veya balkon sandalyesi  Toz boya kapl\u0131 \u00e7elik \u00e7er\u00e7evesi ve tekstil d\u00f6\u015femesiyle hava ko\u015fullar\u0131na dayan\u0131kl\u0131, her zaman \u015f\u0131k ve sa\u011flam  Katlanabilir \u00f6zelli\u011fiyle rahat ta\u015f\u0131n\u0131r, depoland\u0131\u011f\u0131nda az yer kaplar  Kimyasal i\u00e7erikli olmayan, yumu\u015fak bir deterjanla kolay temizlenir.  Renk: K\u0131rm\u0131z\u0131  \u00d6l\u00e7\u00fc: 136 x 61 x 102 cm  \u00dcr\u00fcn demonte olarak teslim edilmektedir. Aksesuarlar fiyata dahil de\u011fildir.","og_url":"https:\/\/candasmimarlik.com\/yapimarket\/product\/sunfun-marissa-sezlong-kirmizi-3\/","og_site_name":"Canda\u015f Yap\u0131 Market","article_publisher":"https:\/\/www.facebook.com\/candasonlineyapi","article_modified_time":"2024-11-09T13:44:01+00:00","og_image":[{"width":290,"height":290,"url":"https:\/\/i0.wp.com\/candasmimarlik.com\/yapimarket\/wp-content\/uploads\/2023\/09\/202106210920_23598663.jpg?fit=290%2C290&ssl=1","type":"image\/jpeg"}],"twitter_card":"summary_large_image","schema":{"@context":"https:\/\/schema.org","@graph":[{"@type":"WebPage","@id":"https:\/\/candasmimarlik.com\/yapimarket\/product\/sunfun-marissa-sezlong-kirmizi-3\/","url":"https:\/\/candasmimarlik.com\/yapimarket\/product\/sunfun-marissa-sezlong-kirmizi-3\/","name":"Sunfun Marissa \u015eezlong K\u0131rm\u0131z\u0131 - Canda\u015f Yap\u0131 Market","isPartOf":{"@id":"https:\/\/candasmimarlik.com\/yapimarket\/#website"},"primaryImageOfPage":{"@id":"https:\/\/candasmimarlik.com\/yapimarket\/product\/sunfun-marissa-sezlong-kirmizi-3\/#primaryimage"},"image":{"@id":"https:\/\/candasmimarlik.com\/yapimarket\/product\/sunfun-marissa-sezlong-kirmizi-3\/#primaryimage"},"thumbnailUrl":"https:\/\/i0.wp.com\/candasmimarlik.com\/yapimarket\/wp-content\/uploads\/2023\/09\/202106210920_23598663.jpg?fit=290%2C290&ssl=1","datePublished":"2024-10-31T19:40:59+00:00","dateModified":"2024-11-09T13:44:01+00:00","breadcrumb":{"@id":"https:\/\/candasmimarlik.com\/yapimarket\/product\/sunfun-marissa-sezlong-kirmizi-3\/#breadcrumb"},"inLanguage":"tr","potentialAction":[{"@type":"ReadAction","target":["https:\/\/candasmimarlik.com\/yapimarket\/product\/sunfun-marissa-sezlong-kirmizi-3\/"]}]},{"@type":"ImageObject","inLanguage":"tr","@id":"https:\/\/candasmimarlik.com\/yapimarket\/product\/sunfun-marissa-sezlong-kirmizi-3\/#primaryimage","url":"https:\/\/i0.wp.com\/candasmimarlik.com\/yapimarket\/wp-content\/uploads\/2023\/09\/202106210920_23598663.jpg?fit=290%2C290&ssl=1","contentUrl":"https:\/\/i0.wp.com\/candasmimarlik.com\/yapimarket\/wp-content\/uploads\/2023\/09\/202106210920_23598663.jpg?fit=290%2C290&ssl=1","width":290,"height":290},{"@type":"BreadcrumbList","@id":"https:\/\/candasmimarlik.com\/yapimarket\/product\/sunfun-marissa-sezlong-kirmizi-3\/#breadcrumb","itemListElement":[{"@type":"ListItem","position":1,"name":"Anasayfa","item":"https:\/\/candasmimarlik.com\/yapimarket\/"},{"@type":"ListItem","position":2,"name":"Ma\u011faza","item":"https:\/\/candasmimarlik.com\/yapimarket\/magaza-2-2\/"},{"@type":"ListItem","position":3,"name":"Sunfun Marissa \u015eezlong K\u0131rm\u0131z\u0131"}]},{"@type":"WebSite","@id":"https:\/\/candasmimarlik.com\/yapimarket\/#website","url":"https:\/\/candasmimarlik.com\/yapimarket\/","name":"https:\/\/candasmimarlik.com\/candasonline.1","description":"Kolay H\u0131zl\u0131 G&uuml;venli 7\/24 A&ccedil;\u0131k ","publisher":{"@id":"https:\/\/candasmimarlik.com\/yapimarket\/#organization"},"potentialAction":[{"@type":"SearchAction","target":{"@type":"EntryPoint","urlTemplate":"https:\/\/candasmimarlik.com\/yapimarket\/?s={search_term_string}"},"query-input":{"@type":"PropertyValueSpecification","valueRequired":true,"valueName":"search_term_string"}}],"inLanguage":"tr"},{"@type":"Organization","@id":"https:\/\/candasmimarlik.com\/yapimarket\/#organization","name":"Canda\u015f Online","url":"https:\/\/candasmimarlik.com\/yapimarket\/","logo":{"@type":"ImageObject","inLanguage":"tr","@id":"https:\/\/candasmimarlik.com\/yapimarket\/#\/schema\/logo\/image\/","url":"https:\/\/i0.wp.com\/candasmimarlik.com\/yapimarket\/wp-content\/uploads\/2026\/05\/CANDAS-YAPI-MARKET.jpg?fit=2560%2C1280&ssl=1","contentUrl":"https:\/\/i0.wp.com\/candasmimarlik.com\/yapimarket\/wp-content\/uploads\/2026\/05\/CANDAS-YAPI-MARKET.jpg?fit=2560%2C1280&ssl=1","width":2560,"height":1280,"caption":"Canda\u015f Online"},"image":{"@id":"https:\/\/candasmimarlik.com\/yapimarket\/#\/schema\/logo\/image\/"},"sameAs":["https:\/\/www.facebook.com\/candasonlineyapi"]}]}},"jetpack_sharing_enabled":true,"_links":{"self":[{"href":"https:\/\/candasmimarlik.com\/yapimarket\/wp-json\/wp\/v2\/product\/4578","targetHints":{"allow":["GET"]}}],"collection":[{"href":"https:\/\/candasmimarlik.com\/yapimarket\/wp-json\/wp\/v2\/product"}],"about":[{"href":"https:\/\/candasmimarlik.com\/yapimarket\/wp-json\/wp\/v2\/types\/product"}],"replies":[{"embeddable":true,"href":"https:\/\/candasmimarlik.com\/yapimarket\/wp-json\/wp\/v2\/comments?post=4578"}],"wp:featuredmedia":[{"embeddable":true,"href":"https:\/\/candasmimarlik.com\/yapimarket\/wp-json\/wp\/v2\/media\/3467"}],"wp:attachment":[{"href":"https:\/\/candasmimarlik.com\/yapimarket\/wp-json\/wp\/v2\/media?parent=4578"}],"wp:term":[{"taxonomy":"product_brand","embeddable":true,"href":"https:\/\/candasmimarlik.com\/yapimarket\/wp-json\/wp\/v2\/product_brand?post=4578"},{"taxonomy":"product_cat","embeddable":true,"href":"https:\/\/candasmimarlik.com\/yapimarket\/wp-json\/wp\/v2\/product_cat?post=4578"},{"taxonomy":"product_tag","embeddable":true,"href":"https:\/\/candasmimarlik.com\/yapimarket\/wp-json\/wp\/v2\/product_tag?post=4578"}],"curies":[{"name":"wp","href":"https:\/\/api.w.org\/{rel}","templated":true}]}}