{"id":4677,"date":"2024-10-31T19:40:59","date_gmt":"2024-10-31T19:40:59","guid":{"rendered":"https:\/\/candasmimarlik.com\/candasonline.1\/?post_type=product&#038;p=4677"},"modified":"2024-11-09T14:05:27","modified_gmt":"2024-11-09T14:05:27","slug":"tek-kanat-yangin-kapisi-5","status":"publish","type":"product","link":"https:\/\/candasmimarlik.com\/yapimarket\/product\/tek-kanat-yangin-kapisi-5\/","title":{"rendered":"TEK KANAT YANGIN KAPISI"},"content":{"rendered":"<div class=\"section mcb-section mfn-default-section mcb-section-1ckbgev46 default-width\">\n<div class=\"section_wrapper mcb-section-inner mcb-section-inner-1ckbgev46\">\n<div class=\"wrap mcb-wrap mcb-wrap-lrwbmny3v one-second tablet-one-second mobile-one valign-top clearfix\" data-desktop-col=\"one-second\" data-tablet-col=\"tablet-one-second\" data-mobile-col=\"mobile-one\">\n<div class=\"mcb-wrap-inner mcb-wrap-inner-lrwbmny3v\">\n<div class=\"column mcb-column mcb-item-3qi9qn33x one tablet-one mobile-one column_column\">\n<div class=\"mcb-column-inner mcb-column-inner-3qi9qn33x mcb-item-column-inner\">\n<div class=\"column_attr mfn-inline-editor clearfix\">\n<h3>Tek Kanatl\u0131 Yang\u0131n Kap\u0131s\u0131 Nerelerde Kullan\u0131l\u0131r?<\/h3>\n<p>Tek kanatl\u0131 yang\u0131na dayan\u0131kl\u0131 kap\u0131 ve yang\u0131n ka\u00e7\u0131\u015f kap\u0131lar\u0131 olarak hemen hemen her t\u00fcrl\u00fc yap\u0131larda kullan\u0131lmaktad\u0131r.<\/p>\n<p>Standart \u00f6l\u00e7\u00fcler genel olarak 90&#215;210 ve 100&#215;210 \u015feklinde \u00fcretilmekle birlikte \u00f6zel \u00f6l\u00e7\u00fc ve \u00f6zel renk imalatlar\u0131 taraf\u0131m\u0131zdan yap\u0131lmaktad\u0131r. Tek kanatl\u0131 Yang\u0131n Kap\u0131lar\u0131 i\u00e7eriden d\u0131\u015far\u0131 sa\u011f ve sol y\u00f6n olarak a\u00e7\u0131labilmektedir.<\/p>\n<\/div>\n<\/div>\n<\/div>\n<div class=\"column mcb-column mcb-item-iacra4ijw one tablet-one mobile-one column_column\">\n<div class=\"mcb-column-inner mcb-column-inner-iacra4ijw mcb-item-column-inner\">\n<div class=\"column_attr mfn-inline-editor clearfix\">\n<p>&nbsp;<\/p>\n<h3>Tek Kanatl\u0131 Yang\u0131n Kap\u0131s\u0131 Cam Menfezli<\/h3>\n<p>&nbsp;<\/p>\n<p>Yang\u0131n durumunda i\u00e7 k\u0131sm\u0131n daha rahat bir \u015fekilde g\u00f6r\u00fclebilmesi i\u00e7in cam menfez bulunan tek kanatl\u0131 kap\u0131lar kullan\u0131labilir. Ayr\u0131ca bu kap\u0131larda menfez bulundu\u011fu i\u00e7in yang\u0131n d\u0131\u015f\u0131ndaki zamanlarda da havaland\u0131rma sa\u011flanabilir.<\/p>\n<\/div>\n<\/div>\n<\/div>\n<\/div>\n<\/div>\n<\/div>\n<\/div>\n<div class=\"section mcb-section mfn-default-section mcb-section-0brba0ryr default-width\">\n<div class=\"mcb-background-overlay\"><\/div>\n<div class=\"section_wrapper mcb-section-inner mcb-section-inner-0brba0ryr\">\n<div class=\"wrap mcb-wrap mcb-wrap-wfizmczfz one-second tablet-one-second mobile-one valign-top clearfix\" data-desktop-col=\"one-second\" data-tablet-col=\"tablet-one-second\" data-mobile-col=\"mobile-one\">\n<div class=\"mcb-wrap-inner mcb-wrap-inner-wfizmczfz\">\n<div class=\"mcb-wrap-background-overlay\"><\/div>\n<div class=\"column mcb-column mcb-item-66pda0i4s one tablet-one mobile-one column_column\">\n<div class=\"mcb-column-inner mcb-column-inner-66pda0i4s mcb-item-column-inner\">\n<div class=\"column_attr mfn-inline-editor clearfix\">\n<h3>Tek Kanatl\u0131 Yang\u0131n Kap\u0131s\u0131 Yang\u0131na Dayan\u0131kl\u0131<\/h3>\n<p><b>Tek kanatl\u0131 yang\u0131n kap\u0131s\u0131<\/b>\u00a0yang\u0131na dayan\u0131kl\u0131 bir \u00f6zellik g\u00f6sterebilir. \u00c7\u00fcnk\u00fc \u00fcretim standartlar\u0131na g\u00f6re tek kanatl\u0131 30 dakikadan 120 dakikaya kadar aleve dayan\u0131kl\u0131l\u0131k s\u00fcresi gerekir. Bina t\u00fcr\u00fcne ve kullan\u0131m yo\u011funlu\u011funa g\u00f6re bu aleve dayan\u0131kl\u0131l\u0131k s\u00fcresi belirlenebilir.<\/p>\n<\/div>\n<\/div>\n<\/div>\n<div class=\"column mcb-column mcb-item-weu96j8xd one tablet-one mobile-one column_column\">\n<div class=\"mcb-column-inner mcb-column-inner-weu96j8xd mcb-item-column-inner\">\n<div class=\"column_attr mfn-inline-editor clearfix\">\n<h3>Tek Kanatl\u0131 Yang\u0131n Kap\u0131s\u0131 Panik Barl\u0131<\/h3>\n<p><b>\u00a0Tek kanatl\u0131 kap\u0131<\/b>&#8216;larda \u00e7ok daha kolay bir kullan\u0131m ve pratik a\u00e7\u0131lma sistemi i\u00e7in panik bar tercih edilebilir.\u00a0<b>Panik bar kap\u0131s\u0131<\/b>&#8216;n\u0131n iki taraf\u0131 aras\u0131nda uzanan bir kol olmak \u00fczere bast\u0131r\u0131lmak y\u00f6ntemi ile rahatl\u0131kla a\u00e7\u0131labilir. \u00d6zellikle yang\u0131n anlar\u0131nda panik ile daha rahat kap\u0131y\u0131 a\u00e7abilmek i\u00e7in tercih edilir.<\/p>\n<\/div>\n<\/div>\n<\/div>\n<div class=\"column mcb-column mcb-item-8xubtzfnk one tablet-one mobile-one column_column\">\n<div class=\"mcb-column-inner mcb-column-inner-8xubtzfnk mcb-item-column-inner\">\n<div class=\"column_attr mfn-inline-editor clearfix\">\n<h3>Tek Kanatl\u0131 Yang\u0131n Kap\u0131s\u0131 Sertifikal\u0131<\/h3>\n<p>\u00d6zel bir \u015fekilde sertifikal\u0131 \u00fcretim ger\u00e7ekle\u015ftiren ve tamamen standartlara uygun bir \u015fekilde \u00fcretim sa\u011flayan firmalar tercih edilmelidir. \u00dcretti\u011fimiz kap\u0131lar\u0131n hepsi TSE ve Yang\u0131na dayan\u0131kl\u0131l\u0131k sertifikalar\u0131 bulunmaktad\u0131r.<\/p>\n<\/div>\n<\/div>\n<\/div>\n<\/div>\n<\/div>\n<div class=\"wrap mcb-wrap mcb-wrap-gat8vvtmw one-second tablet-one-second mobile-one valign-top clearfix\" data-desktop-col=\"one-second\" data-tablet-col=\"tablet-one-second\" data-mobile-col=\"mobile-one\">\n<div class=\"mcb-wrap-inner mcb-wrap-inner-gat8vvtmw\">\n<div class=\"mcb-wrap-background-overlay\"><\/div>\n<div class=\"column mcb-column mcb-item-c3ii3mmdm one-fifth tablet-one-fifth mobile-one column_placeholder\">\n<div class=\"mcb-column-inner mcb-column-inner-c3ii3mmdm mcb-item-placeholder-inner\">\n<div class=\"placeholder\"><\/div>\n<\/div>\n<\/div>\n<div class=\"column mcb-column mcb-item-l4um2tcy3 two-third tablet-two-third mobile-one column_image\">\n<div class=\"mcb-column-inner mcb-column-inner-l4um2tcy3 mcb-item-image-inner\">\n<div class=\"image_frame element_classes image_item no_link scale-with-grid alignnone no_border\">\n<div class=\"image_wrapper\"><img data-recalc-dims=\"1\" fetchpriority=\"high\" decoding=\"async\" class=\"scale-with-grid\" title=\"\" src=\"https:\/\/i0.wp.com\/dooraykapi.com\/wp-content\/uploads\/kare-camli-kapi.png?resize=640%2C1290&#038;ssl=1\" alt=\"kare-camli-kapi\" width=\"640\" height=\"1290\" \/><\/div>\n<\/div>\n<\/div>\n<\/div>\n<\/div>\n<\/div>\n<\/div>\n<\/div>\n<div class=\"section mcb-section mfn-default-section mcb-section-i6f8kg5hj default-width\">\n<div class=\"mcb-background-overlay\"><\/div>\n<div class=\"section_wrapper mcb-section-inner mcb-section-inner-i6f8kg5hj\">\n<div class=\"wrap mcb-wrap mcb-wrap-uph8h3e8k one tablet-one mobile-one valign-top clearfix\" data-desktop-col=\"one\" data-tablet-col=\"tablet-one\" data-mobile-col=\"mobile-one\">\n<div class=\"mcb-wrap-inner mcb-wrap-inner-uph8h3e8k\">\n<div class=\"mcb-wrap-background-overlay\"><\/div>\n<div class=\"column mcb-column mcb-item-dszx2iqnu one tablet-one mobile-one column_column\">\n<div class=\"mcb-column-inner mcb-column-inner-dszx2iqnu mcb-item-column-inner\">\n<div class=\"column_attr mfn-inline-editor clearfix\">\n<h3>E 120 Sertifikal\u0131 Yang\u0131n Kap\u0131s\u0131<\/h3>\n<p>&#8211; Tam Kasa 1,2 mm DKP Sac, duvar\u0131 her iki taraftanda saran \u00e7ift tarafl\u0131 pervazl\u0131<\/p>\n<p>&#8211; Kap\u0131 kanat ve i\u00e7 takviyeler 0,8 mm DKP Sac (0,8 mm sac + 54 mm 70 KG\/m3 Ta\u015fy\u00fcn\u00fc + 14 Al\u00fcminyum izolasyon folyosu + 0,8 mm sac)<\/p>\n<p>&#8211; Demka marka panik bar kilidi<\/p>\n<p>&#8211; 15 mm x 15 mm EPDM (so\u011fuk duman contas\u0131)<\/p>\n<p>&#8211; Elektrostatik toz boyal\u0131 kasa ve kanat<\/p>\n<p>&#8211; E 120 Yang\u0131n dayan\u0131m sertifikas\u0131<\/p>\n<p>&#8211; Is\u0131 ile genle\u015ferek duman ge\u00e7i\u015fini engelleyen s\u0131cak duman contas\u0131<\/p>\n<p>&#8211; Ral kartelas\u0131ndan farkl\u0131 renk se\u00e7enekleri<\/p>\n<p>&#8211; Max 100x210x18 ebatlar\u0131nda tam\/sabit kasa<\/p>\n<p>&#8211; Yayl\u0131 mente\u015fe ile otomatik kapan\u0131m<\/p>\n<p>&#8211; Tek tarafl\u0131 panik barl\u0131, di\u011fer taraftan iste\u011fe ba\u011fl\u0131 ilave kollu<\/p>\n<\/div>\n<\/div>\n<\/div>\n<\/div>\n<\/div>\n<\/div>\n<\/div>\n","protected":false},"excerpt":{"rendered":"<p>Tek Kanatl\u0131 Yang\u0131n Kap\u0131s\u0131 Nerelerde Kullan\u0131l\u0131r? Tek kanatl\u0131 yang\u0131na dayan\u0131kl\u0131 kap\u0131 ve yang\u0131n ka\u00e7\u0131\u015f kap\u0131lar\u0131 olarak hemen hemen her t\u00fcrl\u00fc yap\u0131larda kullan\u0131lmaktad\u0131r. Standart \u00f6l\u00e7\u00fcler genel olarak 90&#215;210 ve 100&#215;210 \u015feklinde \u00fcretilmekle birlikte \u00f6zel \u00f6l\u00e7\u00fc ve \u00f6zel renk imalatlar\u0131 taraf\u0131m\u0131zdan yap\u0131lmaktad\u0131r. Tek kanatl\u0131 Yang\u0131n Kap\u0131lar\u0131 i\u00e7eriden d\u0131\u015far\u0131 sa\u011f ve sol y\u00f6n olarak a\u00e7\u0131labilmektedir. &nbsp; Tek Kanatl\u0131 [&hellip;]<\/p>\n","protected":false},"featured_media":4096,"comment_status":"open","ping_status":"closed","template":"","meta":{"_joinchat":[]},"product_brand":[],"product_cat":[314],"product_tag":[],"class_list":{"0":"post-4677","1":"product","2":"type-product","3":"status-publish","4":"has-post-thumbnail","6":"product_cat-yangin-kapisi","8":"first","9":"instock","10":"taxable","11":"shipping-taxable","12":"product-type-simple"},"yoast_head":"<!-- This site is optimized with the Yoast SEO plugin v26.5 - https:\/\/yoast.com\/wordpress\/plugins\/seo\/ -->\n<title>TEK KANAT YANGIN KAPISI - Canda\u015f Yap\u0131 Market<\/title>\n<meta name=\"robots\" content=\"index, follow, max-snippet:-1, max-image-preview:large, max-video-preview:-1\" \/>\n<link rel=\"canonical\" href=\"https:\/\/candasmimarlik.com\/yapimarket\/product\/tek-kanat-yangin-kapisi-5\/\" \/>\n<meta property=\"og:locale\" content=\"tr_TR\" \/>\n<meta property=\"og:type\" content=\"article\" \/>\n<meta property=\"og:title\" content=\"TEK KANAT YANGIN KAPISI - Canda\u015f Yap\u0131 Market\" \/>\n<meta property=\"og:description\" content=\"Tek Kanatl\u0131 Yang\u0131n Kap\u0131s\u0131 Nerelerde Kullan\u0131l\u0131r? Tek kanatl\u0131 yang\u0131na dayan\u0131kl\u0131 kap\u0131 ve yang\u0131n ka\u00e7\u0131\u015f kap\u0131lar\u0131 olarak hemen hemen her t\u00fcrl\u00fc yap\u0131larda kullan\u0131lmaktad\u0131r. Standart \u00f6l\u00e7\u00fcler genel olarak 90&#215;210 ve 100&#215;210 \u015feklinde \u00fcretilmekle birlikte \u00f6zel \u00f6l\u00e7\u00fc ve \u00f6zel renk imalatlar\u0131 taraf\u0131m\u0131zdan yap\u0131lmaktad\u0131r. Tek kanatl\u0131 Yang\u0131n Kap\u0131lar\u0131 i\u00e7eriden d\u0131\u015far\u0131 sa\u011f ve sol y\u00f6n olarak a\u00e7\u0131labilmektedir. &nbsp; Tek Kanatl\u0131 [&hellip;]\" \/>\n<meta property=\"og:url\" content=\"https:\/\/candasmimarlik.com\/yapimarket\/product\/tek-kanat-yangin-kapisi-5\/\" \/>\n<meta property=\"og:site_name\" content=\"Canda\u015f Yap\u0131 Market\" \/>\n<meta property=\"article:publisher\" content=\"https:\/\/www.facebook.com\/candasonlineyapi\" \/>\n<meta property=\"article:modified_time\" content=\"2024-11-09T14:05:27+00:00\" \/>\n<meta property=\"og:image\" content=\"https:\/\/i0.wp.com\/candasmimarlik.com\/yapimarket\/wp-content\/uploads\/2024\/09\/tek-kanat-yangin-kapisi-dooray.png?fit=1000%2C1000&ssl=1\" \/>\n\t<meta property=\"og:image:width\" content=\"1000\" \/>\n\t<meta property=\"og:image:height\" content=\"1000\" \/>\n\t<meta property=\"og:image:type\" content=\"image\/png\" \/>\n<meta name=\"twitter:card\" content=\"summary_large_image\" \/>\n<meta name=\"twitter:label1\" content=\"Tahmini okuma s\u00fcresi\" \/>\n\t<meta name=\"twitter:data1\" content=\"2 dakika\" \/>\n<script type=\"application\/ld+json\" class=\"yoast-schema-graph\">{\"@context\":\"https:\/\/schema.org\",\"@graph\":[{\"@type\":\"WebPage\",\"@id\":\"https:\/\/candasmimarlik.com\/yapimarket\/product\/tek-kanat-yangin-kapisi-5\/\",\"url\":\"https:\/\/candasmimarlik.com\/yapimarket\/product\/tek-kanat-yangin-kapisi-5\/\",\"name\":\"TEK KANAT YANGIN KAPISI - Canda\u015f Yap\u0131 Market\",\"isPartOf\":{\"@id\":\"https:\/\/candasmimarlik.com\/yapimarket\/#website\"},\"primaryImageOfPage\":{\"@id\":\"https:\/\/candasmimarlik.com\/yapimarket\/product\/tek-kanat-yangin-kapisi-5\/#primaryimage\"},\"image\":{\"@id\":\"https:\/\/candasmimarlik.com\/yapimarket\/product\/tek-kanat-yangin-kapisi-5\/#primaryimage\"},\"thumbnailUrl\":\"https:\/\/i0.wp.com\/candasmimarlik.com\/yapimarket\/wp-content\/uploads\/2024\/09\/tek-kanat-yangin-kapisi-dooray.png?fit=1000%2C1000&ssl=1\",\"datePublished\":\"2024-10-31T19:40:59+00:00\",\"dateModified\":\"2024-11-09T14:05:27+00:00\",\"breadcrumb\":{\"@id\":\"https:\/\/candasmimarlik.com\/yapimarket\/product\/tek-kanat-yangin-kapisi-5\/#breadcrumb\"},\"inLanguage\":\"tr\",\"potentialAction\":[{\"@type\":\"ReadAction\",\"target\":[\"https:\/\/candasmimarlik.com\/yapimarket\/product\/tek-kanat-yangin-kapisi-5\/\"]}]},{\"@type\":\"ImageObject\",\"inLanguage\":\"tr\",\"@id\":\"https:\/\/candasmimarlik.com\/yapimarket\/product\/tek-kanat-yangin-kapisi-5\/#primaryimage\",\"url\":\"https:\/\/i0.wp.com\/candasmimarlik.com\/yapimarket\/wp-content\/uploads\/2024\/09\/tek-kanat-yangin-kapisi-dooray.png?fit=1000%2C1000&ssl=1\",\"contentUrl\":\"https:\/\/i0.wp.com\/candasmimarlik.com\/yapimarket\/wp-content\/uploads\/2024\/09\/tek-kanat-yangin-kapisi-dooray.png?fit=1000%2C1000&ssl=1\",\"width\":1000,\"height\":1000},{\"@type\":\"BreadcrumbList\",\"@id\":\"https:\/\/candasmimarlik.com\/yapimarket\/product\/tek-kanat-yangin-kapisi-5\/#breadcrumb\",\"itemListElement\":[{\"@type\":\"ListItem\",\"position\":1,\"name\":\"Anasayfa\",\"item\":\"https:\/\/candasmimarlik.com\/yapimarket\/\"},{\"@type\":\"ListItem\",\"position\":2,\"name\":\"Ma\u011faza\",\"item\":\"https:\/\/candasmimarlik.com\/yapimarket\/magaza-2-2\/\"},{\"@type\":\"ListItem\",\"position\":3,\"name\":\"TEK KANAT YANGIN KAPISI\"}]},{\"@type\":\"WebSite\",\"@id\":\"https:\/\/candasmimarlik.com\/yapimarket\/#website\",\"url\":\"https:\/\/candasmimarlik.com\/yapimarket\/\",\"name\":\"https:\/\/candasmimarlik.com\/candasonline.1\",\"description\":\"Kolay H\u0131zl\u0131 G&uuml;venli 7\/24 A&ccedil;\u0131k \",\"publisher\":{\"@id\":\"https:\/\/candasmimarlik.com\/yapimarket\/#organization\"},\"potentialAction\":[{\"@type\":\"SearchAction\",\"target\":{\"@type\":\"EntryPoint\",\"urlTemplate\":\"https:\/\/candasmimarlik.com\/yapimarket\/?s={search_term_string}\"},\"query-input\":{\"@type\":\"PropertyValueSpecification\",\"valueRequired\":true,\"valueName\":\"search_term_string\"}}],\"inLanguage\":\"tr\"},{\"@type\":\"Organization\",\"@id\":\"https:\/\/candasmimarlik.com\/yapimarket\/#organization\",\"name\":\"Canda\u015f Online\",\"url\":\"https:\/\/candasmimarlik.com\/yapimarket\/\",\"logo\":{\"@type\":\"ImageObject\",\"inLanguage\":\"tr\",\"@id\":\"https:\/\/candasmimarlik.com\/yapimarket\/#\/schema\/logo\/image\/\",\"url\":\"https:\/\/i0.wp.com\/candasmimarlik.com\/yapimarket\/wp-content\/uploads\/2026\/05\/CANDAS-YAPI-MARKET.jpg?fit=2560%2C1280&ssl=1\",\"contentUrl\":\"https:\/\/i0.wp.com\/candasmimarlik.com\/yapimarket\/wp-content\/uploads\/2026\/05\/CANDAS-YAPI-MARKET.jpg?fit=2560%2C1280&ssl=1\",\"width\":2560,\"height\":1280,\"caption\":\"Canda\u015f Online\"},\"image\":{\"@id\":\"https:\/\/candasmimarlik.com\/yapimarket\/#\/schema\/logo\/image\/\"},\"sameAs\":[\"https:\/\/www.facebook.com\/candasonlineyapi\"]}]}<\/script>\n<!-- \/ Yoast SEO plugin. -->","yoast_head_json":{"title":"TEK KANAT YANGIN KAPISI - Canda\u015f Yap\u0131 Market","robots":{"index":"index","follow":"follow","max-snippet":"max-snippet:-1","max-image-preview":"max-image-preview:large","max-video-preview":"max-video-preview:-1"},"canonical":"https:\/\/candasmimarlik.com\/yapimarket\/product\/tek-kanat-yangin-kapisi-5\/","og_locale":"tr_TR","og_type":"article","og_title":"TEK KANAT YANGIN KAPISI - Canda\u015f Yap\u0131 Market","og_description":"Tek Kanatl\u0131 Yang\u0131n Kap\u0131s\u0131 Nerelerde Kullan\u0131l\u0131r? Tek kanatl\u0131 yang\u0131na dayan\u0131kl\u0131 kap\u0131 ve yang\u0131n ka\u00e7\u0131\u015f kap\u0131lar\u0131 olarak hemen hemen her t\u00fcrl\u00fc yap\u0131larda kullan\u0131lmaktad\u0131r. Standart \u00f6l\u00e7\u00fcler genel olarak 90&#215;210 ve 100&#215;210 \u015feklinde \u00fcretilmekle birlikte \u00f6zel \u00f6l\u00e7\u00fc ve \u00f6zel renk imalatlar\u0131 taraf\u0131m\u0131zdan yap\u0131lmaktad\u0131r. Tek kanatl\u0131 Yang\u0131n Kap\u0131lar\u0131 i\u00e7eriden d\u0131\u015far\u0131 sa\u011f ve sol y\u00f6n olarak a\u00e7\u0131labilmektedir. &nbsp; Tek Kanatl\u0131 [&hellip;]","og_url":"https:\/\/candasmimarlik.com\/yapimarket\/product\/tek-kanat-yangin-kapisi-5\/","og_site_name":"Canda\u015f Yap\u0131 Market","article_publisher":"https:\/\/www.facebook.com\/candasonlineyapi","article_modified_time":"2024-11-09T14:05:27+00:00","og_image":[{"width":1000,"height":1000,"url":"https:\/\/i0.wp.com\/candasmimarlik.com\/yapimarket\/wp-content\/uploads\/2024\/09\/tek-kanat-yangin-kapisi-dooray.png?fit=1000%2C1000&ssl=1","type":"image\/png"}],"twitter_card":"summary_large_image","twitter_misc":{"Tahmini okuma s\u00fcresi":"2 dakika"},"schema":{"@context":"https:\/\/schema.org","@graph":[{"@type":"WebPage","@id":"https:\/\/candasmimarlik.com\/yapimarket\/product\/tek-kanat-yangin-kapisi-5\/","url":"https:\/\/candasmimarlik.com\/yapimarket\/product\/tek-kanat-yangin-kapisi-5\/","name":"TEK KANAT YANGIN KAPISI - Canda\u015f Yap\u0131 Market","isPartOf":{"@id":"https:\/\/candasmimarlik.com\/yapimarket\/#website"},"primaryImageOfPage":{"@id":"https:\/\/candasmimarlik.com\/yapimarket\/product\/tek-kanat-yangin-kapisi-5\/#primaryimage"},"image":{"@id":"https:\/\/candasmimarlik.com\/yapimarket\/product\/tek-kanat-yangin-kapisi-5\/#primaryimage"},"thumbnailUrl":"https:\/\/i0.wp.com\/candasmimarlik.com\/yapimarket\/wp-content\/uploads\/2024\/09\/tek-kanat-yangin-kapisi-dooray.png?fit=1000%2C1000&ssl=1","datePublished":"2024-10-31T19:40:59+00:00","dateModified":"2024-11-09T14:05:27+00:00","breadcrumb":{"@id":"https:\/\/candasmimarlik.com\/yapimarket\/product\/tek-kanat-yangin-kapisi-5\/#breadcrumb"},"inLanguage":"tr","potentialAction":[{"@type":"ReadAction","target":["https:\/\/candasmimarlik.com\/yapimarket\/product\/tek-kanat-yangin-kapisi-5\/"]}]},{"@type":"ImageObject","inLanguage":"tr","@id":"https:\/\/candasmimarlik.com\/yapimarket\/product\/tek-kanat-yangin-kapisi-5\/#primaryimage","url":"https:\/\/i0.wp.com\/candasmimarlik.com\/yapimarket\/wp-content\/uploads\/2024\/09\/tek-kanat-yangin-kapisi-dooray.png?fit=1000%2C1000&ssl=1","contentUrl":"https:\/\/i0.wp.com\/candasmimarlik.com\/yapimarket\/wp-content\/uploads\/2024\/09\/tek-kanat-yangin-kapisi-dooray.png?fit=1000%2C1000&ssl=1","width":1000,"height":1000},{"@type":"BreadcrumbList","@id":"https:\/\/candasmimarlik.com\/yapimarket\/product\/tek-kanat-yangin-kapisi-5\/#breadcrumb","itemListElement":[{"@type":"ListItem","position":1,"name":"Anasayfa","item":"https:\/\/candasmimarlik.com\/yapimarket\/"},{"@type":"ListItem","position":2,"name":"Ma\u011faza","item":"https:\/\/candasmimarlik.com\/yapimarket\/magaza-2-2\/"},{"@type":"ListItem","position":3,"name":"TEK KANAT YANGIN KAPISI"}]},{"@type":"WebSite","@id":"https:\/\/candasmimarlik.com\/yapimarket\/#website","url":"https:\/\/candasmimarlik.com\/yapimarket\/","name":"https:\/\/candasmimarlik.com\/candasonline.1","description":"Kolay H\u0131zl\u0131 G&uuml;venli 7\/24 A&ccedil;\u0131k ","publisher":{"@id":"https:\/\/candasmimarlik.com\/yapimarket\/#organization"},"potentialAction":[{"@type":"SearchAction","target":{"@type":"EntryPoint","urlTemplate":"https:\/\/candasmimarlik.com\/yapimarket\/?s={search_term_string}"},"query-input":{"@type":"PropertyValueSpecification","valueRequired":true,"valueName":"search_term_string"}}],"inLanguage":"tr"},{"@type":"Organization","@id":"https:\/\/candasmimarlik.com\/yapimarket\/#organization","name":"Canda\u015f Online","url":"https:\/\/candasmimarlik.com\/yapimarket\/","logo":{"@type":"ImageObject","inLanguage":"tr","@id":"https:\/\/candasmimarlik.com\/yapimarket\/#\/schema\/logo\/image\/","url":"https:\/\/i0.wp.com\/candasmimarlik.com\/yapimarket\/wp-content\/uploads\/2026\/05\/CANDAS-YAPI-MARKET.jpg?fit=2560%2C1280&ssl=1","contentUrl":"https:\/\/i0.wp.com\/candasmimarlik.com\/yapimarket\/wp-content\/uploads\/2026\/05\/CANDAS-YAPI-MARKET.jpg?fit=2560%2C1280&ssl=1","width":2560,"height":1280,"caption":"Canda\u015f Online"},"image":{"@id":"https:\/\/candasmimarlik.com\/yapimarket\/#\/schema\/logo\/image\/"},"sameAs":["https:\/\/www.facebook.com\/candasonlineyapi"]}]}},"jetpack_sharing_enabled":true,"_links":{"self":[{"href":"https:\/\/candasmimarlik.com\/yapimarket\/wp-json\/wp\/v2\/product\/4677","targetHints":{"allow":["GET"]}}],"collection":[{"href":"https:\/\/candasmimarlik.com\/yapimarket\/wp-json\/wp\/v2\/product"}],"about":[{"href":"https:\/\/candasmimarlik.com\/yapimarket\/wp-json\/wp\/v2\/types\/product"}],"replies":[{"embeddable":true,"href":"https:\/\/candasmimarlik.com\/yapimarket\/wp-json\/wp\/v2\/comments?post=4677"}],"wp:featuredmedia":[{"embeddable":true,"href":"https:\/\/candasmimarlik.com\/yapimarket\/wp-json\/wp\/v2\/media\/4096"}],"wp:attachment":[{"href":"https:\/\/candasmimarlik.com\/yapimarket\/wp-json\/wp\/v2\/media?parent=4677"}],"wp:term":[{"taxonomy":"product_brand","embeddable":true,"href":"https:\/\/candasmimarlik.com\/yapimarket\/wp-json\/wp\/v2\/product_brand?post=4677"},{"taxonomy":"product_cat","embeddable":true,"href":"https:\/\/candasmimarlik.com\/yapimarket\/wp-json\/wp\/v2\/product_cat?post=4677"},{"taxonomy":"product_tag","embeddable":true,"href":"https:\/\/candasmimarlik.com\/yapimarket\/wp-json\/wp\/v2\/product_tag?post=4677"}],"curies":[{"name":"wp","href":"https:\/\/api.w.org\/{rel}","templated":true}]}}